{"id":19100,"date":"2026-02-03T10:30:44","date_gmt":"2026-02-03T10:30:44","guid":{"rendered":"https:\/\/digitalversion.es\/jeca2026\/patrocinadores\/"},"modified":"2026-02-03T10:38:56","modified_gmt":"2026-02-03T10:38:56","slug":"patrocinadores","status":"publish","type":"page","link":"https:\/\/digitalversion.es\/jeca2026\/patrocinadores\/","title":{"rendered":"Patrocinadores"},"content":{"rendered":"\t\t<div data-elementor-type=\"wp-page\" data-elementor-id=\"19100\" class=\"elementor elementor-19100\">\n\t\t\t\t        <section class=\"elementor-section elementor-top-section elementor-element elementor-element-64deb19 elementor-section-boxed elementor-section-height-default elementor-section-height-default pxl-row-scroll-none pxl-zoom-point-false pxl-section-overflow-visible pxl-section-fix-none pxl-bg-color-none pxl-section-overlay-none\" data-id=\"64deb19\" data-element_type=\"section\">\n\n                \n                <div class=\"elementor-container elementor-column-gap-default \">\n                <div class=\"elementor-column elementor-col-100 elementor-top-column elementor-element elementor-element-e9adec4 pxl-column-none pxl-column-overflow-hidden-no\" data-id=\"e9adec4\" data-element_type=\"column\">\r\n        <div class=\"elementor-widget-wrap elementor-element-populated\">\r\n                     \r\n        \t\t<div class=\"elementor-element elementor-element-3128aa2 elementor-widget elementor-widget-pxl_heading\" data-id=\"3128aa2\" data-element_type=\"widget\" data-widget_type=\"pxl_heading.default\">\n\t\t\t\t<div class=\"elementor-widget-container\">\n\t\t\t\t\t\n<div id=\"pxl-pxl_heading-3128aa2-1827\" class=\"pxl-heading px-sub-title-dot-style \">\n\t<div class=\"pxl-heading--inner\">\n\t\t\t\t\t<div class=\"pxl-item--subtitle px-sub-title-dot \" data-wow-delay=\"ms\">\n\t\t\t\t<span class=\"pxl-item--subtext\">\n\t\t\t\t\t\t\t\t\t\tCUARTA EDICI\u00d3N\t\t\t\t<\/span>\n\t\t\t<\/div>\n\t\t\n\t\t\t<h3 class=\"pxl-item--title style-default highlight-default \" data-wow-delay=\"ms\">\n\t\t\t\t\t\t\tHUESCA 2026\t\n\t\t\t\t\n\t\t<\/h3>\n\t<\/div>\n<\/div> \t\t\t\t<\/div>\n\t\t\t\t<\/div>\n\t\t            <\/div>\r\n        <\/div>\r\n        \t\t\t<\/div>\n\t\t<\/section>\n\t\t        <section class=\"elementor-section elementor-top-section elementor-element elementor-element-b3c4588 elementor-section-stretched elementor-section-boxed elementor-section-height-default elementor-section-height-default pxl-row-scroll-none pxl-zoom-point-false pxl-section-overflow-visible pxl-section-fix-none pxl-bg-color-none pxl-section-overlay-none\" data-id=\"b3c4588\" data-element_type=\"section\" data-settings=\"{&quot;stretch_section&quot;:&quot;section-stretched&quot;}\">\n\n                \n                <div class=\"elementor-container elementor-column-gap-extended \">\n                <div class=\"elementor-column elementor-col-50 elementor-top-column elementor-element elementor-element-9750bd9 pxl-column-none pxl-column-overflow-hidden-no\" data-id=\"9750bd9\" data-element_type=\"column\">\r\n        <div class=\"elementor-widget-wrap elementor-element-populated\">\r\n                     \r\n        \t\t<div class=\"elementor-element elementor-element-f2c62aa elementor-widget elementor-widget-text-editor\" data-id=\"f2c62aa\" data-element_type=\"widget\" data-widget_type=\"text-editor.default\">\n\t\t\t\t<div class=\"elementor-widget-container\">\n\t\t\t\t\t\t\t\t\t<p>La <strong>Jornada Espa\u00f1ola del Cultivo de la Alfalfa<\/strong> es un evento consolidado que re\u00fane a un <strong>p\u00fablico altamente segmentado del \u00e1mbito agroindustrial<\/strong>: agricultores, industrias deshidratadoras, operadores log\u00edsticos y empresas proveedoras de tecnolog\u00eda, insumos y servicios.<\/p><p>Patrocinar la jornada permite <strong>acceder de forma directa a decisores de compra y prescriptores clave<\/strong>, en un entorno t\u00e9cnico y profesional, sin la dispersi\u00f3n ni la saturaci\u00f3n publicitaria de otros canales.<\/p><p>Una oportunidad de <strong>impacto cualificado y eficiente<\/strong>, donde la visibilidad de marca se traduce en posicionamiento sectorial y relaciones comerciales de alto valor.<\/p>\t\t\t\t\t\t\t\t<\/div>\n\t\t\t\t<\/div>\n\t\t            <\/div>\r\n        <\/div>\r\n                <div class=\"elementor-column elementor-col-50 elementor-top-column elementor-element elementor-element-3077550 pxl-column-none pxl-column-overflow-hidden-no\" data-id=\"3077550\" data-element_type=\"column\" data-settings=\"{&quot;background_background&quot;:&quot;classic&quot;}\">\r\n        <div class=\"elementor-widget-wrap elementor-element-populated\">\r\n                     \r\n        \t\t<div class=\"elementor-element elementor-element-f72af48 elementor-widget elementor-widget-qi_addons_for_elementor_button\" data-id=\"f72af48\" data-element_type=\"widget\" data-widget_type=\"qi_addons_for_elementor_button.default\">\n\t\t\t\t<div class=\"elementor-widget-container\">\n\t\t\t\t\t<a class=\"qodef-shortcode qodef-m qodef-qi-button qodef-html--link qodef-layout--filled qodef-type--standard qodef-icon--right qodef-hover--icon-move-horizontal-short\" href=\"https:\/\/digitalversion.es\/jeca2026\/dossier%20patrocinio%20jeca26.pdf\" target=\"_blank\">\n\t<span class=\"qodef-m-text\">DESCARGAR MEMORIA PDF PATROCINIO<\/span>\n\t<\/a>\n\t\t\t\t<\/div>\n\t\t\t\t<\/div>\n\t\t            <\/div>\r\n        <\/div>\r\n        \t\t\t<\/div>\n\t\t<\/section>\n\t\t\t\t<\/div>\n\t\t","protected":false},"excerpt":{"rendered":"<p>CUARTA EDICI\u00d3N HUESCA 2026 La Jornada Espa\u00f1ola del Cultivo de la Alfalfa es un evento consolidado que re\u00fane a un p\u00fablico altamente segmentado del \u00e1mbito agroindustrial: agricultores, industrias deshidratadoras, operadores log\u00edsticos y empresas proveedoras de tecnolog\u00eda, insumos y servicios. Patrocinar la jornada permite acceder de forma directa a decisores de compra y prescriptores clave, en [&hellip;]<\/p>\n","protected":false},"author":1,"featured_media":0,"parent":0,"menu_order":0,"comment_status":"closed","ping_status":"closed","template":"","meta":{"footnotes":""},"class_list":["post-19100","page","type-page","status-publish","hentry"],"yoast_head":"<!-- This site is optimized with the Yoast SEO plugin v26.7 - https:\/\/yoast.com\/wordpress\/plugins\/seo\/ -->\n<title>Patrocinadores - Jeca 2026<\/title>\n<meta name=\"robots\" content=\"index, follow, max-snippet:-1, max-image-preview:large, max-video-preview:-1\" \/>\n<link rel=\"canonical\" href=\"https:\/\/digitalversion.es\/jeca2026\/patrocinadores\/\" \/>\n<meta property=\"og:locale\" content=\"es_ES\" \/>\n<meta property=\"og:type\" content=\"article\" \/>\n<meta property=\"og:title\" content=\"Patrocinadores - Jeca 2026\" \/>\n<meta property=\"og:description\" content=\"CUARTA EDICI\u00d3N HUESCA 2026 La Jornada Espa\u00f1ola del Cultivo de la Alfalfa es un evento consolidado que re\u00fane a un p\u00fablico altamente segmentado del \u00e1mbito agroindustrial: agricultores, industrias deshidratadoras, operadores log\u00edsticos y empresas proveedoras de tecnolog\u00eda, insumos y servicios. Patrocinar la jornada permite acceder de forma directa a decisores de compra y prescriptores clave, en [&hellip;]\" \/>\n<meta property=\"og:url\" content=\"https:\/\/digitalversion.es\/jeca2026\/patrocinadores\/\" \/>\n<meta property=\"og:site_name\" content=\"Jeca 2026\" \/>\n<meta property=\"article:modified_time\" content=\"2026-02-03T10:38:56+00:00\" \/>\n<meta property=\"og:image\" content=\"https:\/\/digitalversion.es\/jeca2026\/wp-content\/uploads\/2025\/10\/huesca-congresos_327-2.jpg\" \/>\n\t<meta property=\"og:image:width\" content=\"1120\" \/>\n\t<meta property=\"og:image:height\" content=\"840\" \/>\n\t<meta property=\"og:image:type\" content=\"image\/jpeg\" \/>\n<meta name=\"twitter:card\" content=\"summary_large_image\" \/>\n<meta name=\"twitter:label1\" content=\"Tiempo de lectura\" \/>\n\t<meta name=\"twitter:data1\" content=\"1 minuto\" \/>\n<script type=\"application\/ld+json\" class=\"yoast-schema-graph\">{\"@context\":\"https:\/\/schema.org\",\"@graph\":[{\"@type\":\"WebPage\",\"@id\":\"https:\/\/digitalversion.es\/jeca2026\/patrocinadores\/\",\"url\":\"https:\/\/digitalversion.es\/jeca2026\/patrocinadores\/\",\"name\":\"Patrocinadores - Jeca 2026\",\"isPartOf\":{\"@id\":\"https:\/\/digitalversion.es\/jeca2026\/#website\"},\"datePublished\":\"2026-02-03T10:30:44+00:00\",\"dateModified\":\"2026-02-03T10:38:56+00:00\",\"breadcrumb\":{\"@id\":\"https:\/\/digitalversion.es\/jeca2026\/patrocinadores\/#breadcrumb\"},\"inLanguage\":\"es\",\"potentialAction\":[{\"@type\":\"ReadAction\",\"target\":[\"https:\/\/digitalversion.es\/jeca2026\/patrocinadores\/\"]}]},{\"@type\":\"BreadcrumbList\",\"@id\":\"https:\/\/digitalversion.es\/jeca2026\/patrocinadores\/#breadcrumb\",\"itemListElement\":[{\"@type\":\"ListItem\",\"position\":1,\"name\":\"Portada\",\"item\":\"https:\/\/digitalversion.es\/jeca2026\/\"},{\"@type\":\"ListItem\",\"position\":2,\"name\":\"Patrocinadores\"}]},{\"@type\":\"WebSite\",\"@id\":\"https:\/\/digitalversion.es\/jeca2026\/#website\",\"url\":\"https:\/\/digitalversion.es\/jeca2026\/\",\"name\":\"Jeca 2026\",\"description\":\"IV Jornada Espa\u00f1ola del cultivo de la alfalfa\",\"publisher\":{\"@id\":\"https:\/\/digitalversion.es\/jeca2026\/#organization\"},\"alternateName\":\"IV Jornada Espa\u00f1ola del cultivo de la alfalfa - AEFA\",\"potentialAction\":[{\"@type\":\"SearchAction\",\"target\":{\"@type\":\"EntryPoint\",\"urlTemplate\":\"https:\/\/digitalversion.es\/jeca2026\/?s={search_term_string}\"},\"query-input\":{\"@type\":\"PropertyValueSpecification\",\"valueRequired\":true,\"valueName\":\"search_term_string\"}}],\"inLanguage\":\"es\"},{\"@type\":\"Organization\",\"@id\":\"https:\/\/digitalversion.es\/jeca2026\/#organization\",\"name\":\"IV Jornada Espa\u00f1ola del cultivo de la alfalfa\",\"alternateName\":\"AEFA\",\"url\":\"https:\/\/digitalversion.es\/jeca2026\/\",\"logo\":{\"@type\":\"ImageObject\",\"inLanguage\":\"es\",\"@id\":\"https:\/\/digitalversion.es\/jeca2026\/#\/schema\/logo\/image\/\",\"url\":\"https:\/\/digitalversion.es\/jeca2026\/wp-content\/uploads\/2025\/10\/logo-JECA_2026-verde.png\",\"contentUrl\":\"https:\/\/digitalversion.es\/jeca2026\/wp-content\/uploads\/2025\/10\/logo-JECA_2026-verde.png\",\"width\":1000,\"height\":385,\"caption\":\"IV Jornada Espa\u00f1ola del cultivo de la alfalfa\"},\"image\":{\"@id\":\"https:\/\/digitalversion.es\/jeca2026\/#\/schema\/logo\/image\/\"}}]}<\/script>\n<!-- \/ Yoast SEO plugin. -->","yoast_head_json":{"title":"Patrocinadores - Jeca 2026","robots":{"index":"index","follow":"follow","max-snippet":"max-snippet:-1","max-image-preview":"max-image-preview:large","max-video-preview":"max-video-preview:-1"},"canonical":"https:\/\/digitalversion.es\/jeca2026\/patrocinadores\/","og_locale":"es_ES","og_type":"article","og_title":"Patrocinadores - Jeca 2026","og_description":"CUARTA EDICI\u00d3N HUESCA 2026 La Jornada Espa\u00f1ola del Cultivo de la Alfalfa es un evento consolidado que re\u00fane a un p\u00fablico altamente segmentado del \u00e1mbito agroindustrial: agricultores, industrias deshidratadoras, operadores log\u00edsticos y empresas proveedoras de tecnolog\u00eda, insumos y servicios. Patrocinar la jornada permite acceder de forma directa a decisores de compra y prescriptores clave, en [&hellip;]","og_url":"https:\/\/digitalversion.es\/jeca2026\/patrocinadores\/","og_site_name":"Jeca 2026","article_modified_time":"2026-02-03T10:38:56+00:00","og_image":[{"width":1120,"height":840,"url":"https:\/\/digitalversion.es\/jeca2026\/wp-content\/uploads\/2025\/10\/huesca-congresos_327-2.jpg","type":"image\/jpeg"}],"twitter_card":"summary_large_image","twitter_misc":{"Tiempo de lectura":"1 minuto"},"schema":{"@context":"https:\/\/schema.org","@graph":[{"@type":"WebPage","@id":"https:\/\/digitalversion.es\/jeca2026\/patrocinadores\/","url":"https:\/\/digitalversion.es\/jeca2026\/patrocinadores\/","name":"Patrocinadores - Jeca 2026","isPartOf":{"@id":"https:\/\/digitalversion.es\/jeca2026\/#website"},"datePublished":"2026-02-03T10:30:44+00:00","dateModified":"2026-02-03T10:38:56+00:00","breadcrumb":{"@id":"https:\/\/digitalversion.es\/jeca2026\/patrocinadores\/#breadcrumb"},"inLanguage":"es","potentialAction":[{"@type":"ReadAction","target":["https:\/\/digitalversion.es\/jeca2026\/patrocinadores\/"]}]},{"@type":"BreadcrumbList","@id":"https:\/\/digitalversion.es\/jeca2026\/patrocinadores\/#breadcrumb","itemListElement":[{"@type":"ListItem","position":1,"name":"Portada","item":"https:\/\/digitalversion.es\/jeca2026\/"},{"@type":"ListItem","position":2,"name":"Patrocinadores"}]},{"@type":"WebSite","@id":"https:\/\/digitalversion.es\/jeca2026\/#website","url":"https:\/\/digitalversion.es\/jeca2026\/","name":"Jeca 2026","description":"IV Jornada Espa\u00f1ola del cultivo de la alfalfa","publisher":{"@id":"https:\/\/digitalversion.es\/jeca2026\/#organization"},"alternateName":"IV Jornada Espa\u00f1ola del cultivo de la alfalfa - AEFA","potentialAction":[{"@type":"SearchAction","target":{"@type":"EntryPoint","urlTemplate":"https:\/\/digitalversion.es\/jeca2026\/?s={search_term_string}"},"query-input":{"@type":"PropertyValueSpecification","valueRequired":true,"valueName":"search_term_string"}}],"inLanguage":"es"},{"@type":"Organization","@id":"https:\/\/digitalversion.es\/jeca2026\/#organization","name":"IV Jornada Espa\u00f1ola del cultivo de la alfalfa","alternateName":"AEFA","url":"https:\/\/digitalversion.es\/jeca2026\/","logo":{"@type":"ImageObject","inLanguage":"es","@id":"https:\/\/digitalversion.es\/jeca2026\/#\/schema\/logo\/image\/","url":"https:\/\/digitalversion.es\/jeca2026\/wp-content\/uploads\/2025\/10\/logo-JECA_2026-verde.png","contentUrl":"https:\/\/digitalversion.es\/jeca2026\/wp-content\/uploads\/2025\/10\/logo-JECA_2026-verde.png","width":1000,"height":385,"caption":"IV Jornada Espa\u00f1ola del cultivo de la alfalfa"},"image":{"@id":"https:\/\/digitalversion.es\/jeca2026\/#\/schema\/logo\/image\/"}}]}},"_links":{"self":[{"href":"https:\/\/digitalversion.es\/jeca2026\/wp-json\/wp\/v2\/pages\/19100","targetHints":{"allow":["GET"]}}],"collection":[{"href":"https:\/\/digitalversion.es\/jeca2026\/wp-json\/wp\/v2\/pages"}],"about":[{"href":"https:\/\/digitalversion.es\/jeca2026\/wp-json\/wp\/v2\/types\/page"}],"author":[{"embeddable":true,"href":"https:\/\/digitalversion.es\/jeca2026\/wp-json\/wp\/v2\/users\/1"}],"replies":[{"embeddable":true,"href":"https:\/\/digitalversion.es\/jeca2026\/wp-json\/wp\/v2\/comments?post=19100"}],"version-history":[{"count":9,"href":"https:\/\/digitalversion.es\/jeca2026\/wp-json\/wp\/v2\/pages\/19100\/revisions"}],"predecessor-version":[{"id":19110,"href":"https:\/\/digitalversion.es\/jeca2026\/wp-json\/wp\/v2\/pages\/19100\/revisions\/19110"}],"wp:attachment":[{"href":"https:\/\/digitalversion.es\/jeca2026\/wp-json\/wp\/v2\/media?parent=19100"}],"curies":[{"name":"wp","href":"https:\/\/api.w.org\/{rel}","templated":true}]}}

<div data-elementor-type="wp-page" data-elementor-id="19100" class="elementor elementor-19100">
				        <section class="elementor-section elementor-top-section elementor-element elementor-element-64deb19 elementor-section-boxed elementor-section-height-default elementor-section-height-default pxl-row-scroll-none pxl-zoom-point-false pxl-section-overflow-visible pxl-section-fix-none pxl-bg-color-none pxl-section-overlay-none" data-id="64deb19" data-element_type="section">

                
                <div class="elementor-container elementor-column-gap-default ">
                <div class="elementor-column elementor-col-100 elementor-top-column elementor-element elementor-element-e9adec4 pxl-column-none pxl-column-overflow-hidden-no" data-id="e9adec4" data-element_type="column">
        <div class="elementor-widget-wrap elementor-element-populated">
                     
        		<div class="elementor-element elementor-element-3128aa2 elementor-widget elementor-widget-pxl_heading" data-id="3128aa2" data-element_type="widget" data-widget_type="pxl_heading.default">
				<div class="elementor-widget-container">
					
<div id="pxl-pxl_heading-3128aa2-1827" class="pxl-heading px-sub-title-dot-style ">
	<div class="pxl-heading--inner">
					<div class="pxl-item--subtitle px-sub-title-dot " data-wow-delay="ms">
				<span class="pxl-item--subtext">
										CUARTA EDICIÓN				</span>
			</div>
		
			<h3 class="pxl-item--title style-default highlight-default " data-wow-delay="ms">
							HUESCA 2026	
				
		</h3>
	</div>
</div> 				</div>
				</div>
		            </div>
        </div>
        			</div>
		</section>
		        <section class="elementor-section elementor-top-section elementor-element elementor-element-b3c4588 elementor-section-stretched elementor-section-boxed elementor-section-height-default elementor-section-height-default pxl-row-scroll-none pxl-zoom-point-false pxl-section-overflow-visible pxl-section-fix-none pxl-bg-color-none pxl-section-overlay-none" data-id="b3c4588" data-element_type="section" data-settings="{&quot;stretch_section&quot;:&quot;section-stretched&quot;}">

                
                <div class="elementor-container elementor-column-gap-extended ">
                <div class="elementor-column elementor-col-50 elementor-top-column elementor-element elementor-element-9750bd9 pxl-column-none pxl-column-overflow-hidden-no" data-id="9750bd9" data-element_type="column">
        <div class="elementor-widget-wrap elementor-element-populated">
                     
        		<div class="elementor-element elementor-element-f2c62aa elementor-widget elementor-widget-text-editor" data-id="f2c62aa" data-element_type="widget" data-widget_type="text-editor.default">
				<div class="elementor-widget-container">
									<p>La <strong>Jornada Española del Cultivo de la Alfalfa</strong> es un evento consolidado que reúne a un <strong>público altamente segmentado del ámbito agroindustrial</strong>: agricultores, industrias deshidratadoras, operadores logísticos y empresas proveedoras de tecnología, insumos y servicios.</p><p>Patrocinar la jornada permite <strong>acceder de forma directa a decisores de compra y prescriptores clave</strong>, en un entorno técnico y profesional, sin la dispersión ni la saturación publicitaria de otros canales.</p><p>Una oportunidad de <strong>impacto cualificado y eficiente</strong>, donde la visibilidad de marca se traduce en posicionamiento sectorial y relaciones comerciales de alto valor.</p>								</div>
				</div>
		            </div>
        </div>
                <div class="elementor-column elementor-col-50 elementor-top-column elementor-element elementor-element-3077550 pxl-column-none pxl-column-overflow-hidden-no" data-id="3077550" data-element_type="column" data-settings="{&quot;background_background&quot;:&quot;classic&quot;}">
        <div class="elementor-widget-wrap elementor-element-populated">
                     
        		<div class="elementor-element elementor-element-f72af48 elementor-widget elementor-widget-qi_addons_for_elementor_button" data-id="f72af48" data-element_type="widget" data-widget_type="qi_addons_for_elementor_button.default">
				<div class="elementor-widget-container">
					<a class="qodef-shortcode qodef-m qodef-qi-button qodef-html--link qodef-layout--filled qodef-type--standard qodef-icon--right qodef-hover--icon-move-horizontal-short" href="https://digitalversion.es/jeca2026/dossier%20patrocinio%20jeca26.pdf" target="_blank">
	<span class="qodef-m-text">DESCARGAR MEMORIA PDF PATROCINIO</span>
	</a>
				</div>
				</div>
		            </div>
        </div>
        			</div>
		</section>
				</div>

<p>CUARTA EDICIÓN HUESCA 2026 La Jornada Española del Cultivo de la Alfalfa es un evento consolidado que reúne a un público altamente segmentado del ámbito agroindustrial: agricultores, industrias deshidratadoras, operadores logísticos y empresas proveedoras de tecnología, insumos y servicios. Patrocinar la jornada permite acceder de forma directa a decisores de compra y prescriptores clave, en [&hellip;]</p>

<!-- This site is optimized with the Yoast SEO plugin v26.7 - https://yoast.com/wordpress/plugins/seo/ -->
<title>Patrocinadores - Jeca 2026</title>
<meta name="robots" content="index, follow, max-snippet:-1, max-image-preview:large, max-video-preview:-1" />
<link rel="canonical" href="https://digitalversion.es/jeca2026/patrocinadores/" />
<meta property="og:locale" content="es_ES" />
<meta property="og:type" content="article" />
<meta property="og:title" content="Patrocinadores - Jeca 2026" />
<meta property="og:description" content="CUARTA EDICIÓN HUESCA 2026 La Jornada Española del Cultivo de la Alfalfa es un evento consolidado que reúne a un público altamente segmentado del ámbito agroindustrial: agricultores, industrias deshidratadoras, operadores logísticos y empresas proveedoras de tecnología, insumos y servicios. Patrocinar la jornada permite acceder de forma directa a decisores de compra y prescriptores clave, en [&hellip;]" />
<meta property="og:url" content="https://digitalversion.es/jeca2026/patrocinadores/" />
<meta property="og:site_name" content="Jeca 2026" />
<meta property="article:modified_time" content="2026-02-03T10:38:56+00:00" />
<meta property="og:image" content="https://digitalversion.es/jeca2026/wp-content/uploads/2025/10/huesca-congresos_327-2.jpg" />
	<meta property="og:image:width" content="1120" />
	<meta property="og:image:height" content="840" />
	<meta property="og:image:type" content="image/jpeg" />
<meta name="twitter:card" content="summary_large_image" />
<meta name="twitter:label1" content="Tiempo de lectura" />
	<meta name="twitter:data1" content="1 minuto" />
<script type="application/ld+json" class="yoast-schema-graph">{"@context":"https://schema.org","@graph":[{"@type":"WebPage","@id":"https://digitalversion.es/jeca2026/patrocinadores/","url":"https://digitalversion.es/jeca2026/patrocinadores/","name":"Patrocinadores - Jeca 2026","isPartOf":{"@id":"https://digitalversion.es/jeca2026/#website"},"datePublished":"2026-02-03T10:30:44+00:00","dateModified":"2026-02-03T10:38:56+00:00","breadcrumb":{"@id":"https://digitalversion.es/jeca2026/patrocinadores/#breadcrumb"},"inLanguage":"es","potentialAction":[{"@type":"ReadAction","target":["https://digitalversion.es/jeca2026/patrocinadores/"]}]},{"@type":"BreadcrumbList","@id":"https://digitalversion.es/jeca2026/patrocinadores/#breadcrumb","itemListElement":[{"@type":"ListItem","position":1,"name":"Portada","item":"https://digitalversion.es/jeca2026/"},{"@type":"ListItem","position":2,"name":"Patrocinadores"}]},{"@type":"WebSite","@id":"https://digitalversion.es/jeca2026/#website","url":"https://digitalversion.es/jeca2026/","name":"Jeca 2026","description":"IV Jornada Española del cultivo de la alfalfa","publisher":{"@id":"https://digitalversion.es/jeca2026/#organization"},"alternateName":"IV Jornada Española del cultivo de la alfalfa - AEFA","potentialAction":[{"@type":"SearchAction","target":{"@type":"EntryPoint","urlTemplate":"https://digitalversion.es/jeca2026/?s={search_term_string}"},"query-input":{"@type":"PropertyValueSpecification","valueRequired":true,"valueName":"search_term_string"}}],"inLanguage":"es"},{"@type":"Organization","@id":"https://digitalversion.es/jeca2026/#organization","name":"IV Jornada Española del cultivo de la alfalfa","alternateName":"AEFA","url":"https://digitalversion.es/jeca2026/","logo":{"@type":"ImageObject","inLanguage":"es","@id":"https://digitalversion.es/jeca2026/#/schema/logo/image/","url":"https://digitalversion.es/jeca2026/wp-content/uploads/2025/10/logo-JECA_2026-verde.png","contentUrl":"https://digitalversion.es/jeca2026/wp-content/uploads/2025/10/logo-JECA_2026-verde.png","width":1000,"height":385,"caption":"IV Jornada Española del cultivo de la alfalfa"},"image":{"@id":"https://digitalversion.es/jeca2026/#/schema/logo/image/"}}]}</script>
<!-- / Yoast SEO plugin. -->

CUARTA EDICIÓN HUESCA 2026 La Jornada Española del Cultivo de la Alfalfa es un evento consolidado que reúne a un público altamente segmentado del ámbito agroindustrial: agricultores, industrias deshidratadoras, operadores logísticos y empresas proveedoras de tecnología, insumos y servicios. Patrocinar la jornada permite acceder de forma directa a decisores de compra y prescriptores clave, en [&hellip;]

IV Jornada Española del cultivo de la alfalfa

IV Jornada Española del cultivo de la alfalfa - AEFA
