{"id":14,"date":"2023-11-27T08:10:05","date_gmt":"2023-11-27T08:10:05","guid":{"rendered":"https:\/\/demo.bravisthemes.com\/graviton\/?page_id=14"},"modified":"2025-10-10T09:16:02","modified_gmt":"2025-10-10T09:16:02","slug":"aviso-legal","status":"publish","type":"page","link":"https:\/\/digitalversion.es\/jeca2026\/aviso-legal\/","title":{"rendered":"Aviso legal"},"content":{"rendered":"\t\t<div data-elementor-type=\"wp-page\" data-elementor-id=\"14\" class=\"elementor elementor-14\">\n\t\t\t\t        <section class=\"elementor-section elementor-top-section elementor-element elementor-element-462fbf09 elementor-section-boxed elementor-section-height-default elementor-section-height-default pxl-row-scroll-none pxl-zoom-point-false pxl-section-overflow-visible pxl-section-fix-none pxl-bg-color-none pxl-section-overlay-none\" data-id=\"462fbf09\" data-element_type=\"section\">\n\n                \n                <div class=\"elementor-container elementor-column-gap-default \">\n                <div class=\"elementor-column elementor-col-100 elementor-top-column elementor-element elementor-element-3da6b6b4 pxl-column-none pxl-column-overflow-hidden-no\" data-id=\"3da6b6b4\" data-element_type=\"column\">\r\n        <div class=\"elementor-widget-wrap elementor-element-populated\">\r\n                     \r\n        \t\t<div class=\"elementor-element elementor-element-4645b9b6 elementor-widget elementor-widget-text-editor\" data-id=\"4645b9b6\" data-element_type=\"widget\" data-widget_type=\"text-editor.default\">\n\t\t\t\t<div class=\"elementor-widget-container\">\n\t\t\t\t\t\t\t\t\t\n<h3>\u00bfQui\u00e9nes somos?<\/h3>\n<p><a href=\"https:\/\/digitalversion.es\/jeca2026\">https:\/\/digitalversion.es\/jeca2026\/<\/a>es un gestor de eventos que cuenta con el respaldo de la experiencia de comunica-t. El objetivo <a href=\"https:\/\/digitalversion.es\/jeca2026\">de https:\/\/digitalversion.es\/jeca2026\/<\/a> es facilitar a nuestros clientes la compra de la acreditaci\u00f3n al evento.\u00a0<\/p>\n<p><strong>Aviso Legal<\/strong><\/p>\n<p class=\"Default\"><span lang=\"ES\">En cumplimiento de lo establecido en el art\u00edculo 10 de la Ley 34\/2002, de 11 de julio, de servicios de la Sociedad de la Informaci\u00f3n y de Comercio Electr\u00f3nico (en adelante, LSSI-CE), se informa de modo expreso, preciso e inequ\u00edvoco, tanto a los destinatarios del servicio como a los \u00f3rganos competentes, de los siguientes aspectos relativos al prestador de servicios de la Sociedad de la Informaci\u00f3n:<\/span><\/p>\n<p class=\"Default\"><span lang=\"ES\">Comunica-t, S.L \u2013 B50606581<\/span><\/p>\n<p class=\"Default\"><span lang=\"ES\">Objetivo social: Comunicaci\u00f3n y publicidad<\/span><\/p>\n<p class=\"Default\"><span lang=\"ES\">Direcci\u00f3n: Paseo Independencia, 24-26, Planta 2, Oficina 1, 50004 Zaragoza<\/span><\/p>\n<p class=\"Default\"><span lang=\"ES\">Tel\u00e9fono: 976238080<\/span><\/p>\n<p class=\"Default\"><span lang=\"ES\">Email:\u00a0<\/span><span lang=\"ES\"><a href=\"mailto:info@comunica-t.net\">info@comunica-t.net<\/a><\/span><\/p>\n<p class=\"Default\"><span lang=\"ES\">Registro p\u00fablico: Inscrita en el registro mercantil de Zaragoza a 24 de octubre de 1994, Tomo 1676, Folio 140, Hoja Z-14495<\/span><\/p>\n<p>\u00a0<\/p>\n\t\t\t\t\t\t\t\t<\/div>\n\t\t\t\t<\/div>\n\t\t            <\/div>\r\n        <\/div>\r\n        \t\t\t<\/div>\n\t\t<\/section>\n\t\t\t\t<\/div>\n\t\t","protected":false},"excerpt":{"rendered":"<p>\u00bfQui\u00e9nes somos? https:\/\/digitalversion.es\/jeca2026\/es un gestor de eventos que cuenta con el respaldo de la experiencia de comunica-t. El objetivo de https:\/\/digitalversion.es\/jeca2026\/ es facilitar a nuestros clientes la compra de la acreditaci\u00f3n al evento.\u00a0 Aviso Legal En cumplimiento de lo establecido en el art\u00edculo 10 de la Ley 34\/2002, de 11 de julio, de servicios de [&hellip;]<\/p>\n","protected":false},"author":1,"featured_media":0,"parent":0,"menu_order":0,"comment_status":"closed","ping_status":"closed","template":"","meta":{"footnotes":""},"class_list":["post-14","page","type-page","status-publish","hentry"],"yoast_head":"<!-- This site is optimized with the Yoast SEO plugin v26.7 - https:\/\/yoast.com\/wordpress\/plugins\/seo\/ -->\n<title>Aviso legal - Jeca 2026<\/title>\n<meta name=\"robots\" content=\"index, follow, max-snippet:-1, max-image-preview:large, max-video-preview:-1\" \/>\n<link rel=\"canonical\" href=\"https:\/\/digitalversion.es\/jeca2026\/aviso-legal\/\" \/>\n<meta property=\"og:locale\" content=\"es_ES\" \/>\n<meta property=\"og:type\" content=\"article\" \/>\n<meta property=\"og:title\" content=\"Aviso legal - Jeca 2026\" \/>\n<meta property=\"og:description\" content=\"\u00bfQui\u00e9nes somos? https:\/\/digitalversion.es\/jeca2026\/es un gestor de eventos que cuenta con el respaldo de la experiencia de comunica-t. El objetivo de https:\/\/digitalversion.es\/jeca2026\/ es facilitar a nuestros clientes la compra de la acreditaci\u00f3n al evento.\u00a0 Aviso Legal En cumplimiento de lo establecido en el art\u00edculo 10 de la Ley 34\/2002, de 11 de julio, de servicios de [&hellip;]\" \/>\n<meta property=\"og:url\" content=\"https:\/\/digitalversion.es\/jeca2026\/aviso-legal\/\" \/>\n<meta property=\"og:site_name\" content=\"Jeca 2026\" \/>\n<meta property=\"article:modified_time\" content=\"2025-10-10T09:16:02+00:00\" \/>\n<meta property=\"og:image\" content=\"https:\/\/digitalversion.es\/jeca2026\/wp-content\/uploads\/2025\/10\/huesca-congresos_327-2.jpg\" \/>\n\t<meta property=\"og:image:width\" content=\"1120\" \/>\n\t<meta property=\"og:image:height\" content=\"840\" \/>\n\t<meta property=\"og:image:type\" content=\"image\/jpeg\" \/>\n<meta name=\"twitter:card\" content=\"summary_large_image\" \/>\n<meta name=\"twitter:label1\" content=\"Tiempo de lectura\" \/>\n\t<meta name=\"twitter:data1\" content=\"1 minuto\" \/>\n<script type=\"application\/ld+json\" class=\"yoast-schema-graph\">{\"@context\":\"https:\/\/schema.org\",\"@graph\":[{\"@type\":\"WebPage\",\"@id\":\"https:\/\/digitalversion.es\/jeca2026\/aviso-legal\/\",\"url\":\"https:\/\/digitalversion.es\/jeca2026\/aviso-legal\/\",\"name\":\"Aviso legal - Jeca 2026\",\"isPartOf\":{\"@id\":\"https:\/\/digitalversion.es\/jeca2026\/#website\"},\"datePublished\":\"2023-11-27T08:10:05+00:00\",\"dateModified\":\"2025-10-10T09:16:02+00:00\",\"breadcrumb\":{\"@id\":\"https:\/\/digitalversion.es\/jeca2026\/aviso-legal\/#breadcrumb\"},\"inLanguage\":\"es\",\"potentialAction\":[{\"@type\":\"ReadAction\",\"target\":[\"https:\/\/digitalversion.es\/jeca2026\/aviso-legal\/\"]}]},{\"@type\":\"BreadcrumbList\",\"@id\":\"https:\/\/digitalversion.es\/jeca2026\/aviso-legal\/#breadcrumb\",\"itemListElement\":[{\"@type\":\"ListItem\",\"position\":1,\"name\":\"Portada\",\"item\":\"https:\/\/digitalversion.es\/jeca2026\/\"},{\"@type\":\"ListItem\",\"position\":2,\"name\":\"Aviso legal\"}]},{\"@type\":\"WebSite\",\"@id\":\"https:\/\/digitalversion.es\/jeca2026\/#website\",\"url\":\"https:\/\/digitalversion.es\/jeca2026\/\",\"name\":\"Jeca 2026\",\"description\":\"IV Jornada Espa\u00f1ola del cultivo de la alfalfa\",\"publisher\":{\"@id\":\"https:\/\/digitalversion.es\/jeca2026\/#organization\"},\"alternateName\":\"IV Jornada Espa\u00f1ola del cultivo de la alfalfa - AEFA\",\"potentialAction\":[{\"@type\":\"SearchAction\",\"target\":{\"@type\":\"EntryPoint\",\"urlTemplate\":\"https:\/\/digitalversion.es\/jeca2026\/?s={search_term_string}\"},\"query-input\":{\"@type\":\"PropertyValueSpecification\",\"valueRequired\":true,\"valueName\":\"search_term_string\"}}],\"inLanguage\":\"es\"},{\"@type\":\"Organization\",\"@id\":\"https:\/\/digitalversion.es\/jeca2026\/#organization\",\"name\":\"IV Jornada Espa\u00f1ola del cultivo de la alfalfa\",\"alternateName\":\"AEFA\",\"url\":\"https:\/\/digitalversion.es\/jeca2026\/\",\"logo\":{\"@type\":\"ImageObject\",\"inLanguage\":\"es\",\"@id\":\"https:\/\/digitalversion.es\/jeca2026\/#\/schema\/logo\/image\/\",\"url\":\"https:\/\/digitalversion.es\/jeca2026\/wp-content\/uploads\/2025\/10\/logo-JECA_2026-verde.png\",\"contentUrl\":\"https:\/\/digitalversion.es\/jeca2026\/wp-content\/uploads\/2025\/10\/logo-JECA_2026-verde.png\",\"width\":1000,\"height\":385,\"caption\":\"IV Jornada Espa\u00f1ola del cultivo de la alfalfa\"},\"image\":{\"@id\":\"https:\/\/digitalversion.es\/jeca2026\/#\/schema\/logo\/image\/\"}}]}<\/script>\n<!-- \/ Yoast SEO plugin. -->","yoast_head_json":{"title":"Aviso legal - Jeca 2026","robots":{"index":"index","follow":"follow","max-snippet":"max-snippet:-1","max-image-preview":"max-image-preview:large","max-video-preview":"max-video-preview:-1"},"canonical":"https:\/\/digitalversion.es\/jeca2026\/aviso-legal\/","og_locale":"es_ES","og_type":"article","og_title":"Aviso legal - Jeca 2026","og_description":"\u00bfQui\u00e9nes somos? https:\/\/digitalversion.es\/jeca2026\/es un gestor de eventos que cuenta con el respaldo de la experiencia de comunica-t. El objetivo de https:\/\/digitalversion.es\/jeca2026\/ es facilitar a nuestros clientes la compra de la acreditaci\u00f3n al evento.\u00a0 Aviso Legal En cumplimiento de lo establecido en el art\u00edculo 10 de la Ley 34\/2002, de 11 de julio, de servicios de [&hellip;]","og_url":"https:\/\/digitalversion.es\/jeca2026\/aviso-legal\/","og_site_name":"Jeca 2026","article_modified_time":"2025-10-10T09:16:02+00:00","og_image":[{"width":1120,"height":840,"url":"https:\/\/digitalversion.es\/jeca2026\/wp-content\/uploads\/2025\/10\/huesca-congresos_327-2.jpg","type":"image\/jpeg"}],"twitter_card":"summary_large_image","twitter_misc":{"Tiempo de lectura":"1 minuto"},"schema":{"@context":"https:\/\/schema.org","@graph":[{"@type":"WebPage","@id":"https:\/\/digitalversion.es\/jeca2026\/aviso-legal\/","url":"https:\/\/digitalversion.es\/jeca2026\/aviso-legal\/","name":"Aviso legal - Jeca 2026","isPartOf":{"@id":"https:\/\/digitalversion.es\/jeca2026\/#website"},"datePublished":"2023-11-27T08:10:05+00:00","dateModified":"2025-10-10T09:16:02+00:00","breadcrumb":{"@id":"https:\/\/digitalversion.es\/jeca2026\/aviso-legal\/#breadcrumb"},"inLanguage":"es","potentialAction":[{"@type":"ReadAction","target":["https:\/\/digitalversion.es\/jeca2026\/aviso-legal\/"]}]},{"@type":"BreadcrumbList","@id":"https:\/\/digitalversion.es\/jeca2026\/aviso-legal\/#breadcrumb","itemListElement":[{"@type":"ListItem","position":1,"name":"Portada","item":"https:\/\/digitalversion.es\/jeca2026\/"},{"@type":"ListItem","position":2,"name":"Aviso legal"}]},{"@type":"WebSite","@id":"https:\/\/digitalversion.es\/jeca2026\/#website","url":"https:\/\/digitalversion.es\/jeca2026\/","name":"Jeca 2026","description":"IV Jornada Espa\u00f1ola del cultivo de la alfalfa","publisher":{"@id":"https:\/\/digitalversion.es\/jeca2026\/#organization"},"alternateName":"IV Jornada Espa\u00f1ola del cultivo de la alfalfa - AEFA","potentialAction":[{"@type":"SearchAction","target":{"@type":"EntryPoint","urlTemplate":"https:\/\/digitalversion.es\/jeca2026\/?s={search_term_string}"},"query-input":{"@type":"PropertyValueSpecification","valueRequired":true,"valueName":"search_term_string"}}],"inLanguage":"es"},{"@type":"Organization","@id":"https:\/\/digitalversion.es\/jeca2026\/#organization","name":"IV Jornada Espa\u00f1ola del cultivo de la alfalfa","alternateName":"AEFA","url":"https:\/\/digitalversion.es\/jeca2026\/","logo":{"@type":"ImageObject","inLanguage":"es","@id":"https:\/\/digitalversion.es\/jeca2026\/#\/schema\/logo\/image\/","url":"https:\/\/digitalversion.es\/jeca2026\/wp-content\/uploads\/2025\/10\/logo-JECA_2026-verde.png","contentUrl":"https:\/\/digitalversion.es\/jeca2026\/wp-content\/uploads\/2025\/10\/logo-JECA_2026-verde.png","width":1000,"height":385,"caption":"IV Jornada Espa\u00f1ola del cultivo de la alfalfa"},"image":{"@id":"https:\/\/digitalversion.es\/jeca2026\/#\/schema\/logo\/image\/"}}]}},"_links":{"self":[{"href":"https:\/\/digitalversion.es\/jeca2026\/wp-json\/wp\/v2\/pages\/14","targetHints":{"allow":["GET"]}}],"collection":[{"href":"https:\/\/digitalversion.es\/jeca2026\/wp-json\/wp\/v2\/pages"}],"about":[{"href":"https:\/\/digitalversion.es\/jeca2026\/wp-json\/wp\/v2\/types\/page"}],"author":[{"embeddable":true,"href":"https:\/\/digitalversion.es\/jeca2026\/wp-json\/wp\/v2\/users\/1"}],"replies":[{"embeddable":true,"href":"https:\/\/digitalversion.es\/jeca2026\/wp-json\/wp\/v2\/comments?post=14"}],"version-history":[{"count":10,"href":"https:\/\/digitalversion.es\/jeca2026\/wp-json\/wp\/v2\/pages\/14\/revisions"}],"predecessor-version":[{"id":18194,"href":"https:\/\/digitalversion.es\/jeca2026\/wp-json\/wp\/v2\/pages\/14\/revisions\/18194"}],"wp:attachment":[{"href":"https:\/\/digitalversion.es\/jeca2026\/wp-json\/wp\/v2\/media?parent=14"}],"curies":[{"name":"wp","href":"https:\/\/api.w.org\/{rel}","templated":true}]}}

<div data-elementor-type="wp-page" data-elementor-id="14" class="elementor elementor-14">
				        <section class="elementor-section elementor-top-section elementor-element elementor-element-462fbf09 elementor-section-boxed elementor-section-height-default elementor-section-height-default pxl-row-scroll-none pxl-zoom-point-false pxl-section-overflow-visible pxl-section-fix-none pxl-bg-color-none pxl-section-overlay-none" data-id="462fbf09" data-element_type="section">

                
                <div class="elementor-container elementor-column-gap-default ">
                <div class="elementor-column elementor-col-100 elementor-top-column elementor-element elementor-element-3da6b6b4 pxl-column-none pxl-column-overflow-hidden-no" data-id="3da6b6b4" data-element_type="column">
        <div class="elementor-widget-wrap elementor-element-populated">
                     
        		<div class="elementor-element elementor-element-4645b9b6 elementor-widget elementor-widget-text-editor" data-id="4645b9b6" data-element_type="widget" data-widget_type="text-editor.default">
				<div class="elementor-widget-container">
									
<h3>¿Quiénes somos?</h3>
<p><a href="https://digitalversion.es/jeca2026">https://digitalversion.es/jeca2026/</a>es un gestor de eventos que cuenta con el respaldo de la experiencia de comunica-t. El objetivo <a href="https://digitalversion.es/jeca2026">de https://digitalversion.es/jeca2026/</a> es facilitar a nuestros clientes la compra de la acreditación al evento. </p>
<p><strong>Aviso Legal</strong></p>
<p class="Default"><span lang="ES">En cumplimiento de lo establecido en el artículo 10 de la Ley 34/2002, de 11 de julio, de servicios de la Sociedad de la Información y de Comercio Electrónico (en adelante, LSSI-CE), se informa de modo expreso, preciso e inequívoco, tanto a los destinatarios del servicio como a los órganos competentes, de los siguientes aspectos relativos al prestador de servicios de la Sociedad de la Información:</span></p>
<p class="Default"><span lang="ES">Comunica-t, S.L – B50606581</span></p>
<p class="Default"><span lang="ES">Objetivo social: Comunicación y publicidad</span></p>
<p class="Default"><span lang="ES">Dirección: Paseo Independencia, 24-26, Planta 2, Oficina 1, 50004 Zaragoza</span></p>
<p class="Default"><span lang="ES">Teléfono: 976238080</span></p>
<p class="Default"><span lang="ES">Email: </span><span lang="ES"><a href="mailto:info@comunica-t.net">info@comunica-t.net</a></span></p>
<p class="Default"><span lang="ES">Registro público: Inscrita en el registro mercantil de Zaragoza a 24 de octubre de 1994, Tomo 1676, Folio 140, Hoja Z-14495</span></p>
<p> </p>
								</div>
				</div>
		            </div>
        </div>
        			</div>
		</section>
				</div>

<p>¿Quiénes somos? https://digitalversion.es/jeca2026/es un gestor de eventos que cuenta con el respaldo de la experiencia de comunica-t. El objetivo de https://digitalversion.es/jeca2026/ es facilitar a nuestros clientes la compra de la acreditación al evento.  Aviso Legal En cumplimiento de lo establecido en el artículo 10 de la Ley 34/2002, de 11 de julio, de servicios de [&hellip;]</p>

<!-- This site is optimized with the Yoast SEO plugin v26.7 - https://yoast.com/wordpress/plugins/seo/ -->
<title>Aviso legal - Jeca 2026</title>
<meta name="robots" content="index, follow, max-snippet:-1, max-image-preview:large, max-video-preview:-1" />
<link rel="canonical" href="https://digitalversion.es/jeca2026/aviso-legal/" />
<meta property="og:locale" content="es_ES" />
<meta property="og:type" content="article" />
<meta property="og:title" content="Aviso legal - Jeca 2026" />
<meta property="og:description" content="¿Quiénes somos? https://digitalversion.es/jeca2026/es un gestor de eventos que cuenta con el respaldo de la experiencia de comunica-t. El objetivo de https://digitalversion.es/jeca2026/ es facilitar a nuestros clientes la compra de la acreditación al evento.  Aviso Legal En cumplimiento de lo establecido en el artículo 10 de la Ley 34/2002, de 11 de julio, de servicios de [&hellip;]" />
<meta property="og:url" content="https://digitalversion.es/jeca2026/aviso-legal/" />
<meta property="og:site_name" content="Jeca 2026" />
<meta property="article:modified_time" content="2025-10-10T09:16:02+00:00" />
<meta property="og:image" content="https://digitalversion.es/jeca2026/wp-content/uploads/2025/10/huesca-congresos_327-2.jpg" />
	<meta property="og:image:width" content="1120" />
	<meta property="og:image:height" content="840" />
	<meta property="og:image:type" content="image/jpeg" />
<meta name="twitter:card" content="summary_large_image" />
<meta name="twitter:label1" content="Tiempo de lectura" />
	<meta name="twitter:data1" content="1 minuto" />
<script type="application/ld+json" class="yoast-schema-graph">{"@context":"https://schema.org","@graph":[{"@type":"WebPage","@id":"https://digitalversion.es/jeca2026/aviso-legal/","url":"https://digitalversion.es/jeca2026/aviso-legal/","name":"Aviso legal - Jeca 2026","isPartOf":{"@id":"https://digitalversion.es/jeca2026/#website"},"datePublished":"2023-11-27T08:10:05+00:00","dateModified":"2025-10-10T09:16:02+00:00","breadcrumb":{"@id":"https://digitalversion.es/jeca2026/aviso-legal/#breadcrumb"},"inLanguage":"es","potentialAction":[{"@type":"ReadAction","target":["https://digitalversion.es/jeca2026/aviso-legal/"]}]},{"@type":"BreadcrumbList","@id":"https://digitalversion.es/jeca2026/aviso-legal/#breadcrumb","itemListElement":[{"@type":"ListItem","position":1,"name":"Portada","item":"https://digitalversion.es/jeca2026/"},{"@type":"ListItem","position":2,"name":"Aviso legal"}]},{"@type":"WebSite","@id":"https://digitalversion.es/jeca2026/#website","url":"https://digitalversion.es/jeca2026/","name":"Jeca 2026","description":"IV Jornada Española del cultivo de la alfalfa","publisher":{"@id":"https://digitalversion.es/jeca2026/#organization"},"alternateName":"IV Jornada Española del cultivo de la alfalfa - AEFA","potentialAction":[{"@type":"SearchAction","target":{"@type":"EntryPoint","urlTemplate":"https://digitalversion.es/jeca2026/?s={search_term_string}"},"query-input":{"@type":"PropertyValueSpecification","valueRequired":true,"valueName":"search_term_string"}}],"inLanguage":"es"},{"@type":"Organization","@id":"https://digitalversion.es/jeca2026/#organization","name":"IV Jornada Española del cultivo de la alfalfa","alternateName":"AEFA","url":"https://digitalversion.es/jeca2026/","logo":{"@type":"ImageObject","inLanguage":"es","@id":"https://digitalversion.es/jeca2026/#/schema/logo/image/","url":"https://digitalversion.es/jeca2026/wp-content/uploads/2025/10/logo-JECA_2026-verde.png","contentUrl":"https://digitalversion.es/jeca2026/wp-content/uploads/2025/10/logo-JECA_2026-verde.png","width":1000,"height":385,"caption":"IV Jornada Española del cultivo de la alfalfa"},"image":{"@id":"https://digitalversion.es/jeca2026/#/schema/logo/image/"}}]}</script>
<!-- / Yoast SEO plugin. -->

¿Quiénes somos? https://digitalversion.es/jeca2026/es un gestor de eventos que cuenta con el respaldo de la experiencia de comunica-t. El objetivo de https://digitalversion.es/jeca2026/ es facilitar a nuestros clientes la compra de la acreditación al evento.  Aviso Legal En cumplimiento de lo establecido en el artículo 10 de la Ley 34/2002, de 11 de julio, de servicios de [&hellip;]

IV Jornada Española del cultivo de la alfalfa

IV Jornada Española del cultivo de la alfalfa - AEFA
